
26
Suppose 4*q = 47 - 7. Let d be 18/q - (-8)/40. Let n(j) = 4 - 3 - 7 - j**2 + 2*j**d + j. Calculate n(0).
-6
Let b(j) = j**2 - 8*j + 5. Let r be 3/(-7) + 152/28. Suppose -3*o - v - 3 = -4*o, v = 2*o - r. Suppose 3*l + 2*y + o*y = 31, 0 = -5*l + 3*y + 13. Give b(l).
-10
Let b(o) = o**3 - 15*o**2 + 23*o + 137. Let a be b(5). Let i(c) = -58*c + 110. Calculate i(a).
-6
Let q(r) = -2 + 0 + 2*r - 2. Let n(h) = -195*h**3 + 1948*h**2 + 21*h - 1. Let t be n(10). Calculate q(t).
14
Let c(a) = a**3 - 28*a**2 + a - 36. Let u be (201 - 3)/6 + -5. Let r be c(u). Let m(y) = 2*y + 10. Determine m(r).
-6
Let o(d) = -d**2 + d - 2. Let w(g) = 2*g**2 - g + 3. Suppose -3*v + 18 = -3*n, 5*n = 4*v - 24 - 2. Let x(k) = n*w(k) - 3*o(k). Give x(-4).
-12
Let g be -1*((-40)/(-180) + 50/18). Let c be g/12 + (-15)/(-12). Let l(n) = 13*n**2 - 1. Calculate l(c).
12
Let x = 1169 - 1156. Let j(u) = -3*u + 65. Calculate j(x).
26
Let l(r) = -112*r**2 + 24*r + 40. Let w(b) = 56*b**2 - 11*b - 18. Let v(s) = -5*l(s) - 11*w(s). What is v(1)?
-57
Let w(u) = 76*u - 56. Let y(g) = 36*g - 26. Let i(v) = 3*w(v) - 7*y(v). Calculate i(3).
-58
Let s(w) = 6*w. Let o(k) = -24*k - 17. Let j(i) = o(i) + 5*s(i). Give j(1).
-11
Let v(y) = -5*y + 60. Let s be v(13). Let w(m) = -7*m**3 - 3*m**2 + 6*m + 3. Let n(p) = -6*p**3 - 2*p**2 + 6*p + 2. Let h(i) = s*w(i) + 6*n(i). What is h(4)?
5
Let j(q) = q**3 + 15*q**2 + 14*q + 1. Suppose 853*i + 4*r = 854*i + 18, -4*r = 3*i + 38. Give j(i).
1
Suppose 3*g = 4*f + 2*g + 72, 4*g = 5*f + 79. Suppose 0 = -4*n - 5*n + 108. Let y = f + n. Let s(m) = -m**3 - 8*m**2 - 8*m - 9. Give s(y).
-2
Let i(o) = -8 + 834*o**2 - 841*o**2 - 70*o + 77*o + 0*o**3 + o**3. Let p = 13 + -7. Give i(p).
-2
Let k(p) = -6*p - 18. Suppose 5*q + 3 = 4*q, -5*c + 2*q - 29 = 0. Determine k(c).
24
Let p = -24 + 34. Suppose -x + 2*x + 25 = -5*u, -p = 2*u + x. Let s(w) = -4*w + 2 + 2 + w**2 - 2*w**2 - 3 - 4. What is s(u)?
-8
Suppose -m + 5 = -2*m. Let w(y) = -y**3 - 14*y**2 - 38*y + 40. Let l be w(-10). Let s(r) = 108*r**2 - 107*r**2 + 4 - 15*r + l*r. Determine s(m).
4
Let l(i) be the first derivative of i**5/20 - i**4/4 - i**3/2 - i**2/2 + 50*i + 48. Let q(z) be the first derivative of l(z). Determine q(3).
-10
Let u(m) be the first derivative of -m**4/4 + m**3 - 2*m**2 + 4*m + 26. Suppose 3*h + 9*h = 36. What is u(h)?
-8
Let h(i) = -i**3 + i**2 - i - 15. Let n(t) = -t**3 + 11*t**2 - 18*t. Suppose -5*b + 56 = 2*b. Let d be n(b). Let p = d - 48. Calculate h(p).
-15
Let f(j) be the third derivative of j**7/2520 - j**6/360 - j**5/120 + 19*j**4/3 - 244*j**2. Let l(x) be the second derivative of f(x). Determine l(-4).
23
Let j(h) = 3*h**2 - 14*h + 11. Let r be (-5)/(-15) + 4/(-3) - (-13 - -7). Give j(r).
16
Let m(z) be the third derivative of z**5/60 + z**4/12 + z**3 - z**2. Suppose 340*l + 1174 + 186 = 0. Give m(l).
14
Let o(p) = -p**2 + 7*p - 4. Let b(q) be the second derivative of 3*q**4/4 - q**3/3 - q**2/2 - 31*q. Let u be b(1). Give o(u).
2
Let o(c) = 6*c + 14 - 11*c + 4*c - c**2. Suppose -i = -3, 24*i - 4 = 4*w + 28*i. What is o(w)?
2
Let h(n) = -2*n + 2. Let q = -65 + 70. Suppose 0 = 5*g - 3*k + 10 + 4, 2*g - q*k - 2 = 0. Let x(l) = -l + 3. Let s(y) = g*x(y) + 3*h(y). Calculate s(5).
-16
Let s(a) = -a**3 + 11*a**2 - 6*a - 1. Suppose 14 = 3*x - 2*y, 0 = -3*x - 72*y + 75*y + 6. What is s(x)?
39
Suppose -2 = -3*g + 2*g. Let s(u) = -5*u - 5*u**g - 1 + u**3 - 1 + 2. Let l = -1322 + 1328. Calculate s(l).
6
Let y be ((-6)/(-2))/((-6)/(-4)). Let l be (-46)/(-10) + y/5. Let t(n) = 31 - 2*n**2 - 4*n - 13 + n**3 - 7 - 1 - 3*n**2 - 3. Determine t(l).
-13
Let u(q) = -16*q - 165. Suppose -92 = 10*k - 2*i, k - 3*i = -8*i - 30. What is u(k)?
-5
Let z(k) be the second derivative of -144*k + 0 + 19/2*k**2 - 1/6*k**3. Give z(10).
9
Let k(y) = y**3 + 8*y**2 + 10*y - 10. Suppose -2*b - 13 = t, 0 = -25*b + 20*b - t - 28. Calculate k(b).
15
Let h = -157 - -164. Let i(b) = h + 2*b + 10 - b - 11. Suppose 27 = -5*c - 13. Calculate i(c).
-2
Suppose -5*w = 0, 2*s - 5*w + 0*w - 18 = 0. Let a be (78/(-24))/((-5)/20). Let h(q) = a + 4*q - 9*q + 3*q. What is h(s)?
-5
Suppose 0*z + 2*z = -14. Let k(d) be the third derivative of 0*d + 1/2*d**3 + 1/24*d**4 + 43*d**2 + 0. Determine k(z).
-4
Let k(z) = 4*z**2 + 13*z + 29. Let l(w) = 6*w**2 + 2*w**2 + 3*w**2 + 28 + 14*w + 3*w**2 - 8*w**2. Let u(a) = -4*k(a) + 3*l(a). Give u(7).
-4
Let b(u) = 10*u - 49. Let p(y) = 95*y + 4197. Let m be p(-44). What is b(m)?
121
Let v(a) be the third derivative of -1/3*a**4 - 1/6*a**3 - 12*a**2 + 0*a - 1/60*a**5 - 3. What is v(-9)?
-10
Let t(p) be the first derivative of -p**4/6 - p**3/2 + p**2/2 + 21*p + 86. Let y(z) be the first derivative of t(z). Calculate y(-5).
-34
Let a(d) be the third derivative of -1/24*d**4 - 1 + 0*d + 0*d**3 - 3*d**2. What is a(3)?
-3
Let o(k) = 12*k + 71. Suppose -12 = 2*g - 4*q, -4*q = 251*g - 250*g + 6. Give o(g).
-1
Let d = -45 + 77. Suppose -2*b = -6*b - 16, 4*f - 2*b - d = 0. Let l(q) = 9*q - 1 + q**3 - 8 + 2*q**2 - 2*q**2 - 7*q**2. Give l(f).
9
Let d = -49 + 57. Suppose -124 = d*j - 76. Let r(h) = h**2 - h - 7. What is r(j)?
35
Suppose 5*y - 6 - 4 = 0. Let q(c) = -7*c**2 + 44*c - 449. Let g(u) = 3*u**2 - 20*u + 207. Let w(o) = 13*g(o) + 6*q(o). Give w(y).
-7
Let n(v) = -4*v**2 - 11*v - 6. Let u(r) = 3*r**2 + 10*r + 7. Let w(j) = 2*n(j) + 3*u(j). Let y = 11309 - 11315. Determine w(y).
-3
Let u(q) be the second derivative of 2*q**5/5 - q**4/12 + q**3/6 + q**2/2 - q. Let i = 5218 - 5219. What is u(i)?
-9
Let a(b) = -b - 3. Let x(h) = -h - 22. Let z(d) = -6*a(d) + x(d). Let g(f) = -f. Let u(t) = 4*g(t) + z(t). Give u(3).
-1
Suppose 19*r = -3*s + 90, -4*s - 53 = -2*r - 9. Let o(w) = -3*w**2 + 16*w - 26. What is o(r)?
-38
Let o(a) be the first derivative of a**7/840 - a**6/90 + a**5/60 - a**4/12 - 35*a**3/3 + 82. Let p(y) be the third derivative of o(y). Give p(3).
-5
Let s(p) = 3*p - 6. Let k(x) be the second derivative of -x**3/3 + 5*x**2/2 + 3*x - 8. Let n(i) = 6*k(i) + 5*s(i). What is n(-2)?
-6
Let d(n) = -n + 5*n**2 + 0*n - n - 5 - n**3. Let l(q) = 3*q**2 - 104*q + 372. Let v be l(4). Give d(v).
3
Suppose 50*b - 43*b = 28. Let l(y) be the third derivative of 0*y + 0 - 8*y**2 + 2/3*y**3 + 1/12*y**b. What is l(-5)?
-6
Let a(j) = -j**3 - 5*j**2 - 2*j - 2. Let t(l) = 7*l**2 - 315*l - 327. Let d be t(46). What is a(d)?
8
Suppose 3*x + x = r + 85, -4*x + 3*r = -79. Suppose -2 - x = -2*u. Suppose -u*t + 14*t - 4 = 0. Let m(w) = 4*w**2 - 4*w + 3. Calculate m(t).
11
Let c(q) = -q - 1. Let n(b) = b**2 - 1. Let f(k) = k**2 + 7*k + 7. Let t(w) = f(w) + 2*n(w). Let x be t(-2). Suppose x*v - 5*v - 5*v = 0. What is c(v)?
-1
Let r(b) = b**3 + 17*b**2 + b - 4. Let y be (-4 + 1)*(-6)/(-6) - 322/23. What is r(y)?
-21
Let m = 485 - 476. Let u(z) = 3*z - 42. What is u(m)?
-15
Let f(v) be the second derivative of -7*v - 9 + 3*v**2 - 1/6*v**3. Give f(9).
-3
Let h(w) = -4 - 25*w + 28*w - 3. Let z be h(2). Let t(k) = 7*k**2 - 3*k + 4. Let d(o) = -o**2 + o - 1. Let j(a) = z*t(a) - 6*d(a). Calculate j(-3).
2
Let z(u) = u**3 - 5*u**2 + 55*u - 365. Let l = -6381 - -6387. Determine z(l).
1
Let l be -3 - -3 - (4 + -9). Let j(a) = -2*a**3 + 10*a**2 + 5*a - 4. Calculate j(l).
21
Let r(z) be the second derivative of -z**6/20 + z**5/60 + z**4/24 - z**3/6 - 27*z**2/2 + 137*z. Let f(x) be the first derivative of r(x). Determine f(1).
-5
Let t(m) = -m**2 - 7*m + 4. Let v be t(-7). Let w(i) = v*i**2 - 2 - 2*i**2 - i + 6*i - i. Let a = -910 - -906. Calculate w(a).
14
Let d = 35 + 91. Suppose -5*y + 5*z + d = 41, 2 = 2*z. Let f(o) = -12 + 0*o + y + 6 + 2*o. Give f(-8).
-4
Let g(p) = -p**3 - p**2 + 2*p. Let v(q) = q**2 + 21*q - 32. Let n be v(-22). Let a be ((-35)/n - 4)*6. Give g(a).
12
Let d be -2*((-45)/6 - -5). Suppose -2*c = 5*b + 2*c - 486, 3*b + d*c - 289 = 0. Let u(t) = 1 + 52*t + 47*t - b*t - 6. Give u(0).
-5
Suppose 1291*u + 133 = 1310*u. Let r(d) = -2*d + 12. Give r(u).
-2
Let n(p) = -1 + 4*p**2 + 13*p - p**2 - 4*p**2. Suppose 282*r + 214*r - 18*r = -111*r + 7068. Determine n(r).
11
Let a(s) be the third derivative of -s**6/120 + 19*s**5/60 - 5*s**4/6 + 20*s**3/3 + 38*s**2 - 28. Determine a(18).
4
Let w be 71 + 11/(55/20). Let n = -79 + w. Let q(g) = -g**2 - 2*g - 3. What is q(n)?
-11
Let o(p) be the third derivative of p**4/6 - 7*p**